{"id":12100,"date":"2023-05-16T14:39:29","date_gmt":"2023-05-16T12:39:29","guid":{"rendered":"http:\/\/www.perard.fr\/?page_id=12100"},"modified":"2023-05-16T14:39:29","modified_gmt":"2023-05-16T12:39:29","slug":"zespol-sprzedazy","status":"publish","type":"page","link":"https:\/\/www.perard.fr\/?page_id=12100&lang=pl","title":{"rendered":"ZESP\u00d3\u0141 SPRZEDA\u017bY"},"content":{"rendered":"<div class=\"wpb-content-wrapper\"><p>[vc_row][vc_column][vc_column_text]De Vos Benoit<br \/>\nDe Vos Maszyny Rolnicze Sp. z o.o.<br \/>\n(Dawniej Brochard Polska Sp. z o.o.)<br \/>\nUl. Bydgoska 75<br \/>\n78-600 Wa\u0142cz<br \/>\nNIP:986 023 90 99<br \/>\nREGON: 321260735<br \/>\nTel. 603 303 218<br \/>\nTel: 67 258 33 57<br \/>\nEmail: benoit@devos.pl<br \/>\nwww.devos.pl[\/vc_column_text][\/vc_column][\/vc_row]<\/p>\n<\/div>","protected":false},"excerpt":{"rendered":"<p>[vc_row][vc_column][vc_column_text]De Vos Benoit De Vos Maszyny Rolnicze Sp. z o.o. (Dawniej Brochard Polska Sp. z o.o.) Ul. Bydgoska 75 78-600 Wa\u0142cz NIP:986 023 90 99 REGON: 321260735 Tel. 603 303 218 Tel: 67 258 33 57 Email: benoit@devos.pl www.devos.pl[\/vc_column_text][\/vc_column][\/vc_row]<\/p>\n","protected":false},"author":1,"featured_media":0,"parent":0,"menu_order":0,"comment_status":"closed","ping_status":"closed","template":"page.php","meta":{"footnotes":""},"class_list":["post-12100","page","type-page","status-publish","hentry"],"_links":{"self":[{"href":"https:\/\/www.perard.fr\/index.php?rest_route=\/wp\/v2\/pages\/12100","targetHints":{"allow":["GET"]}}],"collection":[{"href":"https:\/\/www.perard.fr\/index.php?rest_route=\/wp\/v2\/pages"}],"about":[{"href":"https:\/\/www.perard.fr\/index.php?rest_route=\/wp\/v2\/types\/page"}],"author":[{"embeddable":true,"href":"https:\/\/www.perard.fr\/index.php?rest_route=\/wp\/v2\/users\/1"}],"replies":[{"embeddable":true,"href":"https:\/\/www.perard.fr\/index.php?rest_route=%2Fwp%2Fv2%2Fcomments&post=12100"}],"version-history":[{"count":1,"href":"https:\/\/www.perard.fr\/index.php?rest_route=\/wp\/v2\/pages\/12100\/revisions"}],"predecessor-version":[{"id":12101,"href":"https:\/\/www.perard.fr\/index.php?rest_route=\/wp\/v2\/pages\/12100\/revisions\/12101"}],"wp:attachment":[{"href":"https:\/\/www.perard.fr\/index.php?rest_route=%2Fwp%2Fv2%2Fmedia&parent=12100"}],"curies":[{"name":"wp","href":"https:\/\/api.w.org\/{rel}","templated":true}]}}