{"id":12073,"date":"2023-05-16T12:10:36","date_gmt":"2023-05-16T10:10:36","guid":{"rendered":"http:\/\/www.perard.fr\/?page_id=12073"},"modified":"2024-10-09T15:28:43","modified_gmt":"2024-10-09T13:28:43","slug":"przyczepy-rolnicze","status":"publish","type":"page","link":"https:\/\/www.perard.fr\/?page_id=12073&lang=pl","title":{"rendered":"PRZYCZEPY ROLNICZE"},"content":{"rendered":"<div class=\"wpb-content-wrapper\"><p>[vc_row css=\u00a0\u00bb.vc_custom_1480791263873{margin-top: 120px !important;margin-bottom: 120px !important;}\u00a0\u00bb][vc_column width=\u00a0\u00bb1\/3&Prime;][vc_empty_space height=\u00a0\u00bb10px\u00a0\u00bb][vc_custom_heading text=\u00a0\u00bbPRZYCZEPY ROLNICZE\u00a0\u00bb use_theme_fonts=\u00a0\u00bbyes\u00a0\u00bb][vc_empty_space height=\u00a0\u00bb20px\u00a0\u00bb][vc_column_text]Firma Perard opracowa\u0142a dwie rodziny przyczep rolniczych: X-Flow i Interbenne.<\/p>\n<p>X-Flow to przyczepy wyposa\u017cone w du\u017ce \u015blimaki opr\u00f3\u017cniaj\u0105ce, zapewniaj\u0105ce optymalizacj\u0119 wydajno\u015bci prac podczas zbior\u00f3w z r\u00f3wnoczesnym ograniczeniem ugniatania gleby. S\u0105 one dost\u0119pne w postaci dw\u00f3ch gam asortymentowych, z osi\u0105 pojedyncz\u0105 lub podw\u00f3jn\u0105 oraz 4 modeli o pojemno\u015bci od 15 do 34 m\u00b3.<\/p>\n<p>Interbenne to przyczepy zapewniaj\u0105ce najwy\u017csz\u0105 wydajno\u015b\u0107 prac oraz uniwersalno\u015b\u0107 i praktyczno\u015b\u0107 (mo\u017cliwo\u015b\u0107 stosowania do nawoz\u00f3w, materia\u0142u nasiennego itp.). Mog\u0105 one by\u0107 wyposa\u017cone w komory podw\u00f3jne lub potr\u00f3jne o pojemno\u015bci od 27 do 46 m\u00b3.[\/vc_column_text]<div class=\"ult-spacer spacer-69ff36e7d9eef\" data-id=\"69ff36e7d9eef\" data-height=\"0\" data-height-mobile=\"40\" data-height-tab=\"\" data-height-tab-portrait=\"\" data-height-mobile-landscape=\"40\" style=\"clear:both;display:block;\"><\/div>[\/vc_column][vc_column width=\u00a0\u00bb2\/3&Prime;][vc_row_inner][vc_column_inner width=\u00a0\u00bb1\/3&Prime;]<div class=\"ult-new-ib ult-ib-effect-style13  ult-ib-resp  \" data-min-width=\"768\" data-max-width=\"900\" style=\"background:#000000;\" data-opacity=\"0.5\" data-hover-opacity=\"0.8\" ><img decoding=\"async\" class=\"ult-new-ib-img\" style=\"opacity:0.5;\" alt=\"null\" src=\"https:\/\/www.perard.fr\/wp-content\/uploads\/2020\/05\/IMG_1834.jpg\"   \/><div id=\"interactive-banner-wrap-2215\" class=\"ult-new-ib-desc\" style=\"\"><h2 class=\"ult-new-ib-title ult-responsive\"  data-ultimate-target='#interactive-banner-wrap-2215 .ult-new-ib-title'  data-responsive-json-new='{\"font-size\":\"desktop:15px;\",\"line-height\":\"\"}'  style=\"font-family:&#039;Montserrat&#039;;font-weight:700;\">X-Flow 15 i 19<\/h2><div class=\"ult-new-ib-content ult-responsive\"  data-ultimate-target='#interactive-banner-wrap-2215 .ult-new-ib-content'  data-responsive-json-new='{\"font-size\":\"\",\"line-height\":\"\"}'  style=\"font-weight:normal;color:#ffffff;\"><p>Pojemno\u015b\u0107 15 i 19m\u00b3 prostej osi<\/p><\/div><\/div><a class=\"ult-new-ib-link\" href=\"http:\/\/www.perard.fr\/pl\/przyczepy-rolnicze\/x-flow-15-i-19\/\" title=\"X-Flow 15 and 19\"  ><\/a><\/div>[\/vc_column_inner][vc_column_inner width=\u00a0\u00bb1\/3&Prime;]<div class=\"ult-new-ib ult-ib-effect-style13  ult-ib-resp  \" data-min-width=\"768\" data-max-width=\"900\" style=\"background:#000000;\" data-opacity=\"0.5\" data-hover-opacity=\"0.8\" ><img decoding=\"async\" class=\"ult-new-ib-img\" style=\"opacity:0.5;\" alt=\"null\" src=\"https:\/\/www.perard.fr\/wp-content\/uploads\/2020\/05\/IMG_1377.jpg\"   \/><div id=\"interactive-banner-wrap-5143\" class=\"ult-new-ib-desc\" style=\"\"><h2 class=\"ult-new-ib-title ult-responsive\"  data-ultimate-target='#interactive-banner-wrap-5143 .ult-new-ib-title'  data-responsive-json-new='{\"font-size\":\"desktop:15px;\",\"line-height\":\"\"}'  style=\"font-family:&#039;Montserrat&#039;;font-weight:700;\">X-Flow 28 i 34<\/h2><div class=\"ult-new-ib-content ult-responsive\"  data-ultimate-target='#interactive-banner-wrap-5143 .ult-new-ib-content'  data-responsive-json-new='{\"font-size\":\"\",\"line-height\":\"\"}'  style=\"font-weight:normal;color:#ffffff;\"><p>Pojemno\u015b\u0107 osi podw\u00f3jnej 28 i 34m\u00b3<\/p><\/div><\/div><a class=\"ult-new-ib-link\" href=\"http:\/\/www.perard.fr\/pl\/przyczepy-rolnicze\/x-flow-28-i-34\/\" title=\"X-Flow 28 and 34\"  ><\/a><\/div>[\/vc_column_inner][\/vc_row_inner][vc_empty_space height=\u00a0\u00bb20px\u00a0\u00bb][vc_row_inner][vc_column_inner width=\u00a0\u00bb1\/3&Prime;]<div class=\"ult-new-ib ult-ib-effect-style13  ult-ib-resp  \" data-min-width=\"768\" data-max-width=\"900\" style=\"background:#000000;\" data-opacity=\"0.5\" data-hover-opacity=\"0.8\" ><img decoding=\"async\" class=\"ult-new-ib-img\" style=\"opacity:0.5;\" alt=\"Transbordeur Interbenne Perard\" src=\"https:\/\/www.perard.fr\/wp-content\/uploads\/2024\/04\/DJI_0933_2.jpg\"   \/><div id=\"interactive-banner-wrap-3079\" class=\"ult-new-ib-desc\" style=\"\"><h2 class=\"ult-new-ib-title ult-responsive\"  data-ultimate-target='#interactive-banner-wrap-3079 .ult-new-ib-title'  data-responsive-json-new='{\"font-size\":\"desktop:16px;\",\"line-height\":\"\"}'  style=\"font-family:&#039;Raleway&#039;;font-weight:600;\">Interbenne 27<\/h2><div class=\"ult-new-ib-content ult-responsive\"  data-ultimate-target='#interactive-banner-wrap-3079 .ult-new-ib-content'  data-responsive-json-new='{\"font-size\":\"\",\"line-height\":\"\"}'  style=\"font-weight:normal;color:#ffffff;\"><p>Pojemno\u015b\u0107 27m\u00b3 podw\u00f3jnej osi<\/p><\/div><\/div><a class=\"ult-new-ib-link\" href=\"http:\/\/www.perard.fr\/pl\/przyczepy-rolnicze\/interbenne-27\/\" title=\"Interbenne 27\"  ><\/a><\/div>[\/vc_column_inner][vc_column_inner width=\u00a0\u00bb1\/3&Prime;]<div class=\"ult-new-ib ult-ib-effect-style13  ult-ib-resp  \" data-min-width=\"768\" data-max-width=\"900\" style=\"background:#000000;\" data-opacity=\"0.5\" data-hover-opacity=\"0.8\" ><img decoding=\"async\" class=\"ult-new-ib-img\" style=\"opacity:0.5;\" alt=\"Transbordeur Interbenne Perard\" src=\"https:\/\/www.perard.fr\/wp-content\/uploads\/2024\/04\/DJI_0338-2.jpg\"   \/><div id=\"interactive-banner-wrap-5628\" class=\"ult-new-ib-desc\" style=\"\"><h2 class=\"ult-new-ib-title ult-responsive\"  data-ultimate-target='#interactive-banner-wrap-5628 .ult-new-ib-title'  data-responsive-json-new='{\"font-size\":\"desktop:16px;\",\"line-height\":\"\"}'  style=\"font-family:&#039;Raleway&#039;;font-weight:600;\">Interbenne 40<\/h2><div class=\"ult-new-ib-content ult-responsive\"  data-ultimate-target='#interactive-banner-wrap-5628 .ult-new-ib-content'  data-responsive-json-new='{\"font-size\":\"\",\"line-height\":\"\"}'  style=\"font-weight:normal;color:#ffffff;\"><p>Pojemno\u015b\u0107 40m\u00b3 osi tridem<\/p><\/div><\/div><a class=\"ult-new-ib-link\" href=\"http:\/\/www.perard.fr\/pl\/przyczepy-rolnicze\/interbenne-38-3\/\" title=\"Interbenne 38\"  ><\/a><\/div>[\/vc_column_inner][vc_column_inner width=\u00a0\u00bb1\/3&Prime;]<div class=\"ult-new-ib ult-ib-effect-style13  ult-ib-resp  \" data-min-width=\"768\" data-max-width=\"900\" style=\"background:#000000;\" data-opacity=\"0.5\" data-hover-opacity=\"0.8\" ><img decoding=\"async\" class=\"ult-new-ib-img\" style=\"opacity:0.5;\" alt=\"Transbordeur Interbenne Perard\" src=\"https:\/\/www.perard.fr\/wp-content\/uploads\/2024\/04\/DJI_0015.jpg\"   \/><div id=\"interactive-banner-wrap-7651\" class=\"ult-new-ib-desc\" style=\"\"><h2 class=\"ult-new-ib-title ult-responsive\"  data-ultimate-target='#interactive-banner-wrap-7651 .ult-new-ib-title'  data-responsive-json-new='{\"font-size\":\"desktop:16px;\",\"line-height\":\"\"}'  style=\"font-family:&#039;Raleway&#039;;font-weight:600;\">Interbenne 46 i 52<\/h2><div class=\"ult-new-ib-content ult-responsive\"  data-ultimate-target='#interactive-banner-wrap-7651 .ult-new-ib-content'  data-responsive-json-new='{\"font-size\":\"\",\"line-height\":\"\"}'  style=\"font-weight:normal;color:#ffffff;\"><p>Pojemno\u015b\u0107 46m\u00b3 osi tridem<\/p><\/div><\/div><a class=\"ult-new-ib-link\" href=\"http:\/\/www.perard.fr\/pl\/przyczepy-rolnicze\/interbenne-46-i-52\/\" title=\"Interbenne 46\"  ><\/a><\/div>[\/vc_column_inner][\/vc_row_inner][\/vc_column][\/vc_row]<\/p>\n<\/div>","protected":false},"excerpt":{"rendered":"<p>[vc_row css=\u00a0\u00bb.vc_custom_1480791263873{margin-top: 120px !important;margin-bottom: 120px !important;}\u00a0\u00bb][vc_column width=\u00a0\u00bb1\/3&Prime;][vc_empty_space height=\u00a0\u00bb10px\u00a0\u00bb][vc_custom_heading text=\u00a0\u00bbPRZYCZEPY ROLNICZE\u00a0\u00bb use_theme_fonts=\u00a0\u00bbyes\u00a0\u00bb][vc_empty_space height=\u00a0\u00bb20px\u00a0\u00bb][vc_column_text]Firma Perard opracowa\u0142a dwie rodziny przyczep rolniczych: X-Flow i Interbenne. X-Flow to przyczepy wyposa\u017cone w du\u017ce \u015blimaki opr\u00f3\u017cniaj\u0105ce, zapewniaj\u0105ce optymalizacj\u0119 wydajno\u015bci prac podczas zbior\u00f3w z r\u00f3wnoczesnym ograniczeniem ugniatania gleby. S\u0105 one dost\u0119pne w postaci dw\u00f3ch gam asortymentowych, z osi\u0105 pojedyncz\u0105 lub podw\u00f3jn\u0105 oraz 4 [&hellip;]<\/p>\n","protected":false},"author":1,"featured_media":0,"parent":0,"menu_order":0,"comment_status":"closed","ping_status":"closed","template":"page.php","meta":{"footnotes":""},"class_list":["post-12073","page","type-page","status-publish","hentry"],"_links":{"self":[{"href":"https:\/\/www.perard.fr\/index.php?rest_route=\/wp\/v2\/pages\/12073","targetHints":{"allow":["GET"]}}],"collection":[{"href":"https:\/\/www.perard.fr\/index.php?rest_route=\/wp\/v2\/pages"}],"about":[{"href":"https:\/\/www.perard.fr\/index.php?rest_route=\/wp\/v2\/types\/page"}],"author":[{"embeddable":true,"href":"https:\/\/www.perard.fr\/index.php?rest_route=\/wp\/v2\/users\/1"}],"replies":[{"embeddable":true,"href":"https:\/\/www.perard.fr\/index.php?rest_route=%2Fwp%2Fv2%2Fcomments&post=12073"}],"version-history":[{"count":5,"href":"https:\/\/www.perard.fr\/index.php?rest_route=\/wp\/v2\/pages\/12073\/revisions"}],"predecessor-version":[{"id":12573,"href":"https:\/\/www.perard.fr\/index.php?rest_route=\/wp\/v2\/pages\/12073\/revisions\/12573"}],"wp:attachment":[{"href":"https:\/\/www.perard.fr\/index.php?rest_route=%2Fwp%2Fv2%2Fmedia&parent=12073"}],"curies":[{"name":"wp","href":"https:\/\/api.w.org\/{rel}","templated":true}]}}