{"id":11198,"date":"2020-06-23T15:59:38","date_gmt":"2020-06-23T13:59:38","guid":{"rendered":"http:\/\/www.perard.fr\/new\/?page_id=11198"},"modified":"2023-05-25T17:15:08","modified_gmt":"2023-05-25T15:15:08","slug":"video-interbenne","status":"publish","type":"page","link":"https:\/\/www.perard.fr\/?page_id=11198&lang=en","title":{"rendered":"Video Interbenne"},"content":{"rendered":"\t\t\t<div \n\t\t\tclass=\"yotu-playlist yotuwp yotu-limit-min   yotu-thumb-169  yotu-template-grid\" \n\t\t\tdata-page=\"1\"\n\t\t\tid=\"yotuwp-69de22c8414c5\"\n\t\t\tdata-yotu=\"69de22c85960f\"\n\t\t\tdata-total=\"2\"\n\t\t\tdata-settings=\"eyJ0eXBlIjoidmlkZW9zIiwiaWQiOiJvb0RtdDVmN0hKRSx5MDFUZWtMc0VNOCxZTHFMSkdoMnF3USwxSjZYcktPYV9XQSw5OF9VWlZwcVpxSSxxd3NIMXR5cXNoQSxJYVg2eHNpU3ZTTSxGT05DczB4LVNvMCxpY2pCdks3SjhOTSxTQWFVeHEzUnZFUSxVX0FpQ0tLREdXZywtMDZwdmVheFFlTSxZb2xsZ0IzTFEyVSIsInBhZ2luYXRpb24iOiJvbiIsInBhZ2l0eXBlIjoicGFnZXIiLCJjb2x1bW4iOiIzIiwicGVyX3BhZ2UiOiIxMiIsInRlbXBsYXRlIjoiZ3JpZCIsInRpdGxlIjoib24iLCJkZXNjcmlwdGlvbiI6Im9uIiwidGh1bWJyYXRpbyI6IjE2OSIsIm1ldGEiOiJvZmYiLCJtZXRhX2RhdGEiOiJvZmYiLCJtZXRhX3Bvc2l0aW9uIjoib2ZmIiwiZGF0ZV9mb3JtYXQiOiJvZmYiLCJtZXRhX2FsaWduIjoib2ZmIiwic3Vic2NyaWJlIjoib2ZmIiwiZHVyYXRpb24iOiJvZmYiLCJtZXRhX2ljb24iOiJvZmYiLCJuZXh0dGV4dCI6IiIsInByZXZ0ZXh0IjoiIiwibG9hZG1vcmV0ZXh0IjoiIiwicGxheWVyIjp7Im1vZGUiOiJsYXJnZSIsIndpZHRoIjoiNjAwIiwic2Nyb2xsaW5nIjoiMTAwIiwiYXV0b3BsYXkiOjAsImNvbnRyb2xzIjoxLCJtb2Rlc3RicmFuZGluZyI6MSwibG9vcCI6MCwiYXV0b25leHQiOjAsInNob3dpbmZvIjoxLCJyZWwiOjEsInBsYXlpbmciOjAsInBsYXlpbmdfZGVzY3JpcHRpb24iOjAsInRodW1ibmFpbHMiOjAsImNjX2xvYWRfcG9saWN5IjoiMSIsImNjX2xhbmdfcHJlZiI6IjEiLCJobCI6IiIsIml2X2xvYWRfcG9saWN5IjoiMSJ9LCJsYXN0X3RhYiI6ImFwaSIsInVzZV9hc19tb2RhbCI6Im9mZiIsIm1vZGFsX2lkIjoib2ZmIiwibGFzdF91cGRhdGUiOiIxNjAyMDc5MDMxIiwic3R5bGluZyI6eyJwYWdlcl9sYXlvdXQiOiJkZWZhdWx0IiwiYnV0dG9uIjoiMSIsImJ1dHRvbl9jb2xvciI6IiIsImJ1dHRvbl9iZ19jb2xvciI6IiIsImJ1dHRvbl9jb2xvcl9ob3ZlciI6IiIsImJ1dHRvbl9iZ19jb2xvcl9ob3ZlciI6IiIsInZpZGVvX3N0eWxlIjoiIiwicGxheWljb25fY29sb3IiOiIiLCJob3Zlcl9pY29uIjoiIiwiZ2FsbGVyeV9iZyI6IiJ9LCJlZmZlY3RzIjp7InZpZGVvX2JveCI6IiIsImZsaXBfZWZmZWN0IjoiIn0sImdhbGxlcnlfaWQiOiI2OWRlMjJjODQxNGM1IiwibmV4dCI6MX0=\"\n\t\t\tdata-player=\"large\"\n\t\t\tdata-showdesc=\"on\" >\n\t\t\t\t<div>\n\t\t\t\t\t\t\t\t\t\t<div class=\"yotu-wrapper-player\" style=\"width:600px\">\n\t\t\t\t\t\t\t\t\t\t\t\t<div class=\"yotu-player\">\n\t\t\t\t\t\t\t<div class=\"yotu-video-placeholder\" id=\"yotu-player-69de22c85960f\"><\/div>\n\t\t\t\t\t\t<\/div>\n\t\t\t\t\t\t<div class=\"yotu-playing-status\"><\/div>\n\t\t\t\t\t\t\t\t\t\t\t<\/div>\n\n\t\t\t\t\t<div class=\"yotu-pagination yotu-pager_layout-default yotu-pagination-top\">\n<a href=\"#\" class=\"yotu-pagination-prev yotu-button-prs yotu-button-prs-1\" data-page=\"prev\">Prev<\/a>\n<span class=\"yotu-pagination-current\">1<\/span> <span>of<\/span> <span class=\"yotu-pagination-total\">2<\/span>\n<a href=\"#\" class=\"yotu-pagination-next yotu-button-prs yotu-button-prs-1\" data-page=\"next\">Next<\/a>\n<\/div>\n<div class=\"yotu-videos yotu-mode-grid yotu-column-3 yotu-player-mode-large\">\n\t<ul>\n\t\t\t\t\t<li class=\" yotu-first\">\n\t\t\t\t\t\t\t\t<a href=\"#ooDmt5f7HJE\" class=\"yotu-video\" data-videoid=\"ooDmt5f7HJE\" data-title=\"\u00c9norme Chantier de Moisson 2018 : 4 Moissonneuses - 3 Transbordeurs Perard - 35m de Coupe !\" title=\"\u00c9norme Chantier de Moisson 2018 : 4 Moissonneuses - 3 Transbordeurs Perard - 35m de Coupe !\">\n\t\t\t\t\t<div class=\"yotu-video-thumb-wrp\">\n\t\t\t\t\t\t<div>\n\t\t\t\t\t\t\t\t\t\t\t\t\t\t<img decoding=\"async\" class=\"yotu-video-thumb\" src=\"https:\/\/i.ytimg.com\/vi\/ooDmt5f7HJE\/sddefault.jpg\" alt=\"\u00c9norme Chantier de Moisson 2018 : 4 Moissonneuses - 3 Transbordeurs Perard - 35m de Coupe !\">\t\n\t\t\t\t\t\t\t\t\t\t\t\t\t<\/div>\n\t\t\t\t\t<\/div>\n\t\t\t\t\t\t\t\t\t\t\t<h3 class=\"yotu-video-title\">\u00c9norme Chantier de Moisson 2018 : 4 Moissonneuses - 3 Transbordeurs Perard - 35m de Coupe !<\/h3>\n\t\t\t\t\t\t\t\t\t\t\t\t\t\t\t\t\t\t\t\t\t<div class=\"yotu-video-description\"><\/div>\n\t\t\t\t\t\t\t\t\t<\/a>\n\t\t\t\t\t\t\t<\/li>\n\t\t\t\t\n\t\t\t\t\t\t<li class=\"\">\n\t\t\t\t\t\t\t\t<a href=\"#y01TekLsEM8\" class=\"yotu-video\" data-videoid=\"y01TekLsEM8\" data-title=\"Le plus Gros Transbordeur PERARD &amp; Boudineuse \u00e0 C\u00e9r\u00e9ales 2018 !\" title=\"Le plus Gros Transbordeur PERARD &amp; Boudineuse \u00e0 C\u00e9r\u00e9ales 2018 !\">\n\t\t\t\t\t<div class=\"yotu-video-thumb-wrp\">\n\t\t\t\t\t\t<div>\n\t\t\t\t\t\t\t\t\t\t\t\t\t\t<img decoding=\"async\" class=\"yotu-video-thumb\" src=\"https:\/\/i.ytimg.com\/vi\/y01TekLsEM8\/sddefault.jpg\" alt=\"Le plus Gros Transbordeur PERARD &amp; Boudineuse \u00e0 C\u00e9r\u00e9ales 2018 !\">\t\n\t\t\t\t\t\t\t\t\t\t\t\t\t<\/div>\n\t\t\t\t\t<\/div>\n\t\t\t\t\t\t\t\t\t\t\t<h3 class=\"yotu-video-title\">Le plus Gros Transbordeur PERARD &amp; Boudineuse \u00e0 C\u00e9r\u00e9ales 2018 !<\/h3>\n\t\t\t\t\t\t\t\t\t\t\t\t\t\t\t\t\t\t\t\t\t<div class=\"yotu-video-description\"><\/div>\n\t\t\t\t\t\t\t\t\t<\/a>\n\t\t\t\t\t\t\t<\/li>\n\t\t\t\t\n\t\t\t\t\t\t<li class=\"\">\n\t\t\t\t\t\t\t\t<a href=\"#YLqLJGh2qwQ\" class=\"yotu-video\" data-videoid=\"YLqLJGh2qwQ\" data-title=\"Perard Interbenne 46m3 &amp; John Deere 8200 !!!\" title=\"Perard Interbenne 46m3 &amp; John Deere 8200 !!!\">\n\t\t\t\t\t<div class=\"yotu-video-thumb-wrp\">\n\t\t\t\t\t\t<div>\n\t\t\t\t\t\t\t\t\t\t\t\t\t\t<img decoding=\"async\" class=\"yotu-video-thumb\" src=\"https:\/\/i.ytimg.com\/vi\/YLqLJGh2qwQ\/sddefault.jpg\" alt=\"Perard Interbenne 46m3 &amp; John Deere 8200 !!!\">\t\n\t\t\t\t\t\t\t\t\t\t\t\t\t<\/div>\n\t\t\t\t\t<\/div>\n\t\t\t\t\t\t\t\t\t\t\t<h3 class=\"yotu-video-title\">Perard Interbenne 46m3 &amp; John Deere 8200 !!!<\/h3>\n\t\t\t\t\t\t\t\t\t\t\t\t\t\t\t\t\t\t\t\t\t<div class=\"yotu-video-description\"><\/div>\n\t\t\t\t\t\t\t\t\t<\/a>\n\t\t\t\t\t\t\t<\/li>\n\t\t\t\t\n\t\t\t\t\t\t<li class=\"\">\n\t\t\t\t\t\t\t\t<a href=\"#1J6XrKOa_WA\" class=\"yotu-video\" data-videoid=\"1J6XrKOa_WA\" data-title=\"Parcelle de +250HA \u00e0 La Moisson 2019 !\" title=\"Parcelle de +250HA \u00e0 La Moisson 2019 !\">\n\t\t\t\t\t<div class=\"yotu-video-thumb-wrp\">\n\t\t\t\t\t\t<div>\n\t\t\t\t\t\t\t\t\t\t\t\t\t\t<img decoding=\"async\" class=\"yotu-video-thumb\" src=\"https:\/\/i.ytimg.com\/vi\/1J6XrKOa_WA\/sddefault.jpg\" alt=\"Parcelle de +250HA \u00e0 La Moisson 2019 !\">\t\n\t\t\t\t\t\t\t\t\t\t\t\t\t<\/div>\n\t\t\t\t\t<\/div>\n\t\t\t\t\t\t\t\t\t\t\t<h3 class=\"yotu-video-title\">Parcelle de +250HA \u00e0 La Moisson 2019 !<\/h3>\n\t\t\t\t\t\t\t\t\t\t\t\t\t\t\t\t\t\t\t\t\t<div class=\"yotu-video-description\"><\/div>\n\t\t\t\t\t\t\t\t\t<\/a>\n\t\t\t\t\t\t\t<\/li>\n\t\t\t\t\n\t\t\t\t\t\t<li class=\"\">\n\t\t\t\t\t\t\t\t<a href=\"#98_UZVpqZqI\" class=\"yotu-video\" data-videoid=\"98_UZVpqZqI\" data-title=\"Transbordeur \u00e0 Chenilles : Perard Xtrak 25 Black &amp; 2 S680i &amp; FlexDraper 640D !\" title=\"Transbordeur \u00e0 Chenilles : Perard Xtrak 25 Black &amp; 2 S680i &amp; FlexDraper 640D !\">\n\t\t\t\t\t<div class=\"yotu-video-thumb-wrp\">\n\t\t\t\t\t\t<div>\n\t\t\t\t\t\t\t\t\t\t\t\t\t\t<img decoding=\"async\" class=\"yotu-video-thumb\" src=\"https:\/\/i.ytimg.com\/vi\/98_UZVpqZqI\/sddefault.jpg\" alt=\"Transbordeur \u00e0 Chenilles : Perard Xtrak 25 Black &amp; 2 S680i &amp; FlexDraper 640D !\">\t\n\t\t\t\t\t\t\t\t\t\t\t\t\t<\/div>\n\t\t\t\t\t<\/div>\n\t\t\t\t\t\t\t\t\t\t\t<h3 class=\"yotu-video-title\">Transbordeur \u00e0 Chenilles : Perard Xtrak 25 Black &amp; 2 S680i &amp; FlexDraper 640D !<\/h3>\n\t\t\t\t\t\t\t\t\t\t\t\t\t\t\t\t\t\t\t\t\t<div class=\"yotu-video-description\"><\/div>\n\t\t\t\t\t\t\t\t\t<\/a>\n\t\t\t\t\t\t\t<\/li>\n\t\t\t\t\n\t\t\t\t\t\t<li class=\"\">\n\t\t\t\t\t\t\t\t<a href=\"#qwsH1tyqshA\" class=\"yotu-video\" data-videoid=\"qwsH1tyqshA\" data-title=\"Fendt 828 S4 Nature Green &amp; Perard Interbenne 38 + S680i !\" title=\"Fendt 828 S4 Nature Green &amp; Perard Interbenne 38 + S680i !\">\n\t\t\t\t\t<div class=\"yotu-video-thumb-wrp\">\n\t\t\t\t\t\t<div>\n\t\t\t\t\t\t\t\t\t\t\t\t\t\t<img decoding=\"async\" class=\"yotu-video-thumb\" src=\"https:\/\/i.ytimg.com\/vi\/qwsH1tyqshA\/sddefault.jpg\" alt=\"Fendt 828 S4 Nature Green &amp; Perard Interbenne 38 + S680i !\">\t\n\t\t\t\t\t\t\t\t\t\t\t\t\t<\/div>\n\t\t\t\t\t<\/div>\n\t\t\t\t\t\t\t\t\t\t\t<h3 class=\"yotu-video-title\">Fendt 828 S4 Nature Green &amp; Perard Interbenne 38 + S680i !<\/h3>\n\t\t\t\t\t\t\t\t\t\t\t\t\t\t\t\t\t\t\t\t\t<div class=\"yotu-video-description\"><\/div>\n\t\t\t\t\t\t\t\t\t<\/a>\n\t\t\t\t\t\t\t<\/li>\n\t\t\t\t\n\t\t\t\t\t\t<li class=\"\">\n\t\t\t\t\t\t\t\t<a href=\"#IaX6xsiSvSM\" class=\"yotu-video\" data-videoid=\"IaX6xsiSvSM\" data-title=\"John Deere S680i &amp; BIG John Deere 8130 &amp; Perard Interbenne 27 !\" title=\"John Deere S680i &amp; BIG John Deere 8130 &amp; Perard Interbenne 27 !\">\n\t\t\t\t\t<div class=\"yotu-video-thumb-wrp\">\n\t\t\t\t\t\t<div>\n\t\t\t\t\t\t\t\t\t\t\t\t\t\t<img decoding=\"async\" class=\"yotu-video-thumb\" src=\"https:\/\/i.ytimg.com\/vi\/IaX6xsiSvSM\/sddefault.jpg\" alt=\"John Deere S680i &amp; BIG John Deere 8130 &amp; Perard Interbenne 27 !\">\t\n\t\t\t\t\t\t\t\t\t\t\t\t\t<\/div>\n\t\t\t\t\t<\/div>\n\t\t\t\t\t\t\t\t\t\t\t<h3 class=\"yotu-video-title\">John Deere S680i &amp; BIG John Deere 8130 &amp; Perard Interbenne 27 !<\/h3>\n\t\t\t\t\t\t\t\t\t\t\t\t\t\t\t\t\t\t\t\t\t<div class=\"yotu-video-description\"><\/div>\n\t\t\t\t\t\t\t\t\t<\/a>\n\t\t\t\t\t\t\t<\/li>\n\t\t\t\t\n\t\t\t\t\t\t<li class=\"\">\n\t\t\t\t\t\t\t\t<a href=\"#FONCs0x-So0\" class=\"yotu-video\" data-videoid=\"FONCs0x-So0\" data-title=\"BIG Harvest 2017 : 2 Lexion 750 + Perard 46m3 + Massey 8660 !!!\" title=\"BIG Harvest 2017 : 2 Lexion 750 + Perard 46m3 + Massey 8660 !!!\">\n\t\t\t\t\t<div class=\"yotu-video-thumb-wrp\">\n\t\t\t\t\t\t<div>\n\t\t\t\t\t\t\t\t\t\t\t\t\t\t<img decoding=\"async\" class=\"yotu-video-thumb\" src=\"https:\/\/i.ytimg.com\/vi\/FONCs0x-So0\/sddefault.jpg\" alt=\"BIG Harvest 2017 : 2 Lexion 750 + Perard 46m3 + Massey 8660 !!!\">\t\n\t\t\t\t\t\t\t\t\t\t\t\t\t<\/div>\n\t\t\t\t\t<\/div>\n\t\t\t\t\t\t\t\t\t\t\t<h3 class=\"yotu-video-title\">BIG Harvest 2017 : 2 Lexion 750 + Perard 46m3 + Massey 8660 !!!<\/h3>\n\t\t\t\t\t\t\t\t\t\t\t\t\t\t\t\t\t\t\t\t\t<div class=\"yotu-video-description\"><\/div>\n\t\t\t\t\t\t\t\t\t<\/a>\n\t\t\t\t\t\t\t<\/li>\n\t\t\t\t\n\t\t\t\t\t\t<li class=\"\">\n\t\t\t\t\t\t\t\t<a href=\"#icjBvK7J8NM\" class=\"yotu-video\" data-videoid=\"icjBvK7J8NM\" data-title=\"TRANSBORDEUR PERARD UNIQUE EN REPUBLIQUE TCHEQUE ! \ud83c\udde8\ud83c\uddff\" title=\"TRANSBORDEUR PERARD UNIQUE EN REPUBLIQUE TCHEQUE ! \ud83c\udde8\ud83c\uddff\">\n\t\t\t\t\t<div class=\"yotu-video-thumb-wrp\">\n\t\t\t\t\t\t<div>\n\t\t\t\t\t\t\t\t\t\t\t\t\t\t<img decoding=\"async\" class=\"yotu-video-thumb\" src=\"https:\/\/i.ytimg.com\/vi\/icjBvK7J8NM\/sddefault.jpg\" alt=\"TRANSBORDEUR PERARD UNIQUE EN REPUBLIQUE TCHEQUE ! \ud83c\udde8\ud83c\uddff\">\t\n\t\t\t\t\t\t\t\t\t\t\t\t\t<\/div>\n\t\t\t\t\t<\/div>\n\t\t\t\t\t\t\t\t\t\t\t<h3 class=\"yotu-video-title\">TRANSBORDEUR PERARD UNIQUE EN REPUBLIQUE TCHEQUE ! \ud83c\udde8\ud83c\uddff<\/h3>\n\t\t\t\t\t\t\t\t\t\t\t\t\t\t\t\t\t\t\t\t\t<div class=\"yotu-video-description\"><\/div>\n\t\t\t\t\t\t\t\t\t<\/a>\n\t\t\t\t\t\t\t<\/li>\n\t\t\t\t\n\t\t\t\t\t\t<li class=\"\">\n\t\t\t\t\t\t\t\t<a href=\"#SAaUxq3RvEQ\" class=\"yotu-video\" data-videoid=\"SAaUxq3RvEQ\" data-title=\"\ud83c\udde8\ud83c\uddff MOISSON EN SOIREE | 3 TUCANO | 1 AXION &amp; PERARD 38 !\" title=\"\ud83c\udde8\ud83c\uddff MOISSON EN SOIREE | 3 TUCANO | 1 AXION &amp; PERARD 38 !\">\n\t\t\t\t\t<div class=\"yotu-video-thumb-wrp\">\n\t\t\t\t\t\t<div>\n\t\t\t\t\t\t\t\t\t\t\t\t\t\t<img decoding=\"async\" class=\"yotu-video-thumb\" src=\"https:\/\/i.ytimg.com\/vi\/SAaUxq3RvEQ\/sddefault.jpg\" alt=\"\ud83c\udde8\ud83c\uddff MOISSON EN SOIREE | 3 TUCANO | 1 AXION &amp; PERARD 38 !\">\t\n\t\t\t\t\t\t\t\t\t\t\t\t\t<\/div>\n\t\t\t\t\t<\/div>\n\t\t\t\t\t\t\t\t\t\t\t<h3 class=\"yotu-video-title\">\ud83c\udde8\ud83c\uddff MOISSON EN SOIREE | 3 TUCANO | 1 AXION &amp; PERARD 38 !<\/h3>\n\t\t\t\t\t\t\t\t\t\t\t\t\t\t\t\t\t\t\t\t\t<div class=\"yotu-video-description\"><\/div>\n\t\t\t\t\t\t\t\t\t<\/a>\n\t\t\t\t\t\t\t<\/li>\n\t\t\t\t\n\t\t\t\t\t\t<li class=\"\">\n\t\t\t\t\t\t\t\t<a href=\"#U_AiCKKDGWg\" class=\"yotu-video\" data-videoid=\"U_AiCKKDGWg\" data-title=\"NEW Fendt IDEAL in FRANCE &amp; Perard 38m3 !\" title=\"NEW Fendt IDEAL in FRANCE &amp; Perard 38m3 !\">\n\t\t\t\t\t<div class=\"yotu-video-thumb-wrp\">\n\t\t\t\t\t\t<div>\n\t\t\t\t\t\t\t\t\t\t\t\t\t\t<img decoding=\"async\" class=\"yotu-video-thumb\" src=\"https:\/\/i.ytimg.com\/vi\/U_AiCKKDGWg\/sddefault.jpg\" alt=\"NEW Fendt IDEAL in FRANCE &amp; Perard 38m3 !\">\t\n\t\t\t\t\t\t\t\t\t\t\t\t\t<\/div>\n\t\t\t\t\t<\/div>\n\t\t\t\t\t\t\t\t\t\t\t<h3 class=\"yotu-video-title\">NEW Fendt IDEAL in FRANCE &amp; Perard 38m3 !<\/h3>\n\t\t\t\t\t\t\t\t\t\t\t\t\t\t\t\t\t\t\t\t\t<div class=\"yotu-video-description\"><\/div>\n\t\t\t\t\t\t\t\t\t<\/a>\n\t\t\t\t\t\t\t<\/li>\n\t\t\t\t\n\t\t\t\t\t\t<li class=\" yotu-last\">\n\t\t\t\t\t\t\t\t<a href=\"#-06pveaxQeM\" class=\"yotu-video\" data-videoid=\"-06pveaxQeM\" data-title=\"CLAAS Lexion 780 &amp; V1200 &amp; John Deere 8530 &amp; Perard Interbenne 38 !\" title=\"CLAAS Lexion 780 &amp; V1200 &amp; John Deere 8530 &amp; Perard Interbenne 38 !\">\n\t\t\t\t\t<div class=\"yotu-video-thumb-wrp\">\n\t\t\t\t\t\t<div>\n\t\t\t\t\t\t\t\t\t\t\t\t\t\t<img decoding=\"async\" class=\"yotu-video-thumb\" src=\"https:\/\/i.ytimg.com\/vi\/-06pveaxQeM\/sddefault.jpg\" alt=\"CLAAS Lexion 780 &amp; V1200 &amp; John Deere 8530 &amp; Perard Interbenne 38 !\">\t\n\t\t\t\t\t\t\t\t\t\t\t\t\t<\/div>\n\t\t\t\t\t<\/div>\n\t\t\t\t\t\t\t\t\t\t\t<h3 class=\"yotu-video-title\">CLAAS Lexion 780 &amp; V1200 &amp; John Deere 8530 &amp; Perard Interbenne 38 !<\/h3>\n\t\t\t\t\t\t\t\t\t\t\t\t\t\t\t\t\t\t\t\t\t<div class=\"yotu-video-description\"><\/div>\n\t\t\t\t\t\t\t\t\t<\/a>\n\t\t\t\t\t\t\t<\/li>\n\t\t\t\t\n\t\t\t\t<\/ul>\n<\/div><div class=\"yotu-pagination yotu-pager_layout-default yotu-pagination-bottom\">\n<a href=\"#\" class=\"yotu-pagination-prev yotu-button-prs yotu-button-prs-1\" data-page=\"prev\">Prev<\/a>\n<span class=\"yotu-pagination-current\">1<\/span> <span>of<\/span> <span class=\"yotu-pagination-total\">2<\/span>\n<a href=\"#\" class=\"yotu-pagination-next yotu-button-prs yotu-button-prs-1\" data-page=\"next\">Next<\/a>\n<\/div>\n\t\t\t\t<\/div>\n\t\t\t<\/div>\n\t\t\t\n","protected":false},"excerpt":{"rendered":"Prev 1 of 2 Next \u00c9norme Chantier de Moisson 2018 : 4 Moissonneuses - 3 Transbordeurs Perard - 35m de Coupe ! Le plus Gros Transbordeur PERARD &amp; Boudineuse \u00e0 C\u00e9r\u00e9ales 2018 ! Perard Interbenne 46m3 &amp; John Deere 8200 !!! Parcelle de +250HA \u00e0 La Moisson 2019 ! Transbordeur \u00e0 Chenilles : Perard Xtrak [...]","protected":false},"author":1,"featured_media":0,"parent":0,"menu_order":0,"comment_status":"closed","ping_status":"closed","template":"page.php","meta":{"footnotes":""},"class_list":["post-11198","page","type-page","status-publish","hentry"],"_links":{"self":[{"href":"https:\/\/www.perard.fr\/index.php?rest_route=\/wp\/v2\/pages\/11198","targetHints":{"allow":["GET"]}}],"collection":[{"href":"https:\/\/www.perard.fr\/index.php?rest_route=\/wp\/v2\/pages"}],"about":[{"href":"https:\/\/www.perard.fr\/index.php?rest_route=\/wp\/v2\/types\/page"}],"author":[{"embeddable":true,"href":"https:\/\/www.perard.fr\/index.php?rest_route=\/wp\/v2\/users\/1"}],"replies":[{"embeddable":true,"href":"https:\/\/www.perard.fr\/index.php?rest_route=%2Fwp%2Fv2%2Fcomments&post=11198"}],"version-history":[{"count":2,"href":"https:\/\/www.perard.fr\/index.php?rest_route=\/wp\/v2\/pages\/11198\/revisions"}],"predecessor-version":[{"id":12229,"href":"https:\/\/www.perard.fr\/index.php?rest_route=\/wp\/v2\/pages\/11198\/revisions\/12229"}],"wp:attachment":[{"href":"https:\/\/www.perard.fr\/index.php?rest_route=%2Fwp%2Fv2%2Fmedia&parent=11198"}],"curies":[{"name":"wp","href":"https:\/\/api.w.org\/{rel}","templated":true}]}}