{"id":10966,"date":"2020-05-06T14:27:04","date_gmt":"2020-05-06T12:27:04","guid":{"rendered":"http:\/\/www.perard.fr\/new\/?page_id=10966"},"modified":"2023-05-16T14:25:13","modified_gmt":"2023-05-16T12:25:13","slug":"epandeur-a-fumier","status":"publish","type":"page","link":"https:\/\/www.perard.fr\/?page_id=10966","title":{"rendered":"\u00c9pandeur \u00e0 fumier"},"content":{"rendered":"<div class=\"wpb-content-wrapper\"><p>[vc_row css=\u00a0\u00bb.vc_custom_1480791263873{margin-top: 120px !important;margin-bottom: 120px !important;}\u00a0\u00bb][vc_column width=\u00a0\u00bb1\/3&Prime;][vc_empty_space height=\u00a0\u00bb10px\u00a0\u00bb][vc_custom_heading text=\u00a0\u00bb\u00c9PANDEURS OPTIUM\u00a0\u00bb use_theme_fonts=\u00a0\u00bbyes\u00a0\u00bb][vc_empty_space height=\u00a0\u00bb20px\u00a0\u00bb][vc_column_text]Perard con\u00e7oit trois gammes d\u2019\u00e9pandeurs \u00e0 h\u00e9rissons verticaux en \u00d8 750 mm, 860 mm et 1 050 mm pour des capacit\u00e9s allant de 9 \u00e0 30 m\u00b3 et une gamme d\u2019\u00e9pandeur \u00e0 table pour des capacit\u00e9s allant de 17 \u00e0 21 m\u00b3. Les \u00e9pandeurs Optium \u00e0 h\u00e9rissons verticaux sont destin\u00e9s \u00e0 un \u00e9pandage de qualit\u00e9, fin et large avec une grande pr\u00e9cision des 3 tonnes par hectares.<\/p>\n<p>Les \u00e9pandeurs Optium \u00e0 table d\u2019\u00e9pandage permettent un \u00e9pandage tr\u00e8s grande largeur pour une multitude de produits avec une grande pr\u00e9cision d\u00e8s 800 kg\/ha.[\/vc_column_text]<div class=\"ult-spacer spacer-69de51c9d3cd4\" data-id=\"69de51c9d3cd4\" data-height=\"0\" data-height-mobile=\"40\" data-height-tab=\"\" data-height-tab-portrait=\"\" data-height-mobile-landscape=\"40\" style=\"clear:both;display:block;\"><\/div>[\/vc_column][vc_column width=\u00a0\u00bb2\/3&Prime;][vc_row_inner][vc_column_inner width=\u00a0\u00bb1\/3&Prime;]<div class=\"ult-new-ib ult-ib-effect-style13  ult-ib-resp  \" data-min-width=\"768\" data-max-width=\"900\" style=\"background:#000000;\" data-opacity=\"0.5\" data-hover-opacity=\"0.8\" ><img decoding=\"async\" class=\"ult-new-ib-img\" style=\"opacity:0.5;\" alt=\"null\" src=\"https:\/\/www.perard.fr\/wp-content\/uploads\/2020\/05\/IMG_2407.jpg\"   \/><div id=\"interactive-banner-wrap-8960\" class=\"ult-new-ib-desc\" style=\"\"><h2 class=\"ult-new-ib-title ult-responsive\"  data-ultimate-target='#interactive-banner-wrap-8960 .ult-new-ib-title'  data-responsive-json-new='{\"font-size\":\"desktop:15px;\",\"line-height\":\"\"}'  style=\"font-family:&#039;Montserrat&#039;;font-weight:700;\">Epandeur de fumier s\u00e9rie K<\/h2><div class=\"ult-new-ib-content ult-responsive\"  data-ultimate-target='#interactive-banner-wrap-8960 .ult-new-ib-content'  data-responsive-json-new='{\"font-size\":\"\",\"line-height\":\"\"}'  style=\"font-weight:normal;color:#ffffff;\"><p>Capacit\u00e9 de 9 et 13m\u00b3 h\u00e9rissons verticaux \u00d8 750mm<\/p><\/div><\/div><a class=\"ult-new-ib-link\" href=\"http:\/\/www.perard.fr\/?page_id=10972\" title=\"Optium s\u00e9rie K \u2013 H\u00e9rissons \u00d8 750\"  ><\/a><\/div>[\/vc_column_inner][vc_column_inner width=\u00a0\u00bb1\/3&Prime;]<div class=\"ult-new-ib ult-ib-effect-style13  ult-ib-resp  \" data-min-width=\"768\" data-max-width=\"900\" style=\"background:#000000;\" data-opacity=\"0.5\" data-hover-opacity=\"0.8\" ><img decoding=\"async\" class=\"ult-new-ib-img\" style=\"opacity:0.5;\" alt=\"null\" src=\"https:\/\/www.perard.fr\/wp-content\/uploads\/2020\/07\/IMG_3123b.jpg\"   \/><div id=\"interactive-banner-wrap-5249\" class=\"ult-new-ib-desc\" style=\"\"><h2 class=\"ult-new-ib-title ult-responsive\"  data-ultimate-target='#interactive-banner-wrap-5249 .ult-new-ib-title'  data-responsive-json-new='{\"font-size\":\"desktop:15px;\",\"line-height\":\"\"}'  style=\"font-family:&#039;Montserrat&#039;;font-weight:700;\">Epandeur de fumier s\u00e9rie L<\/h2><div class=\"ult-new-ib-content ult-responsive\"  data-ultimate-target='#interactive-banner-wrap-5249 .ult-new-ib-content'  data-responsive-json-new='{\"font-size\":\"\",\"line-height\":\"\"}'  style=\"font-weight:normal;color:#ffffff;\"><p>Capacit\u00e9 de 15 et 17m\u00b3 h\u00e9rissons verticaux \u00d8 860mm<\/p><\/div><\/div><a class=\"ult-new-ib-link\" href=\"http:\/\/www.perard.fr\/accueil\/epandeur-a-fumier\/optium-serie-l-herissons-o-860\/\" title=\"Optium s\u00e9rie L \u2013 H\u00e9rissons \u00d8 860\"  ><\/a><\/div>[\/vc_column_inner][vc_column_inner width=\u00a0\u00bb1\/3&Prime;]<div class=\"ult-new-ib ult-ib-effect-style13  ult-ib-resp  \" data-min-width=\"768\" data-max-width=\"900\" style=\"background:#000000;\" data-opacity=\"0.5\" data-hover-opacity=\"0.8\" ><img decoding=\"async\" class=\"ult-new-ib-img\" style=\"opacity:0.5;\" alt=\"null\" src=\"https:\/\/www.perard.fr\/wp-content\/uploads\/2020\/05\/IMG_2334.jpg\"   \/><div id=\"interactive-banner-wrap-3345\" class=\"ult-new-ib-desc\" style=\"\"><h2 class=\"ult-new-ib-title ult-responsive\"  data-ultimate-target='#interactive-banner-wrap-3345 .ult-new-ib-title'  data-responsive-json-new='{\"font-size\":\"desktop:15px;\",\"line-height\":\"\"}'  style=\"font-family:&#039;Montserrat&#039;;font-weight:700;\">Epandeur de fumier s\u00e9rie SLC<\/h2><div class=\"ult-new-ib-content ult-responsive\"  data-ultimate-target='#interactive-banner-wrap-3345 .ult-new-ib-content'  data-responsive-json-new='{\"font-size\":\"\",\"line-height\":\"\"}'  style=\"font-weight:normal;color:#ffffff;\"><p>Capacit\u00e9 de 17 et 21m\u00b3 h\u00e9rissons verticaux \u00d8 1050mm<\/p><\/div><\/div><a class=\"ult-new-ib-link\" href=\"http:\/\/www.perard.fr\/?page_id=11009\" title=\"Optium s\u00e9rie SLC \u2013 H\u00e9rissons \u00d8 1050\"  ><\/a><\/div>[\/vc_column_inner][\/vc_row_inner][vc_empty_space height=\u00a0\u00bb20px\u00a0\u00bb][vc_row_inner][vc_column_inner width=\u00a0\u00bb1\/3&Prime;]<div class=\"ult-new-ib ult-ib-effect-style13  ult-ib-resp  \" data-min-width=\"768\" data-max-width=\"900\" style=\"background:#000000;\" data-opacity=\"0.5\" data-hover-opacity=\"0.8\" ><img decoding=\"async\" class=\"ult-new-ib-img\" style=\"opacity:0.5;\" alt=\"null\" src=\"https:\/\/www.perard.fr\/wp-content\/uploads\/2020\/05\/IMG_2407.jpg\"   \/><div id=\"interactive-banner-wrap-5094\" class=\"ult-new-ib-desc\" style=\"\"><h2 class=\"ult-new-ib-title ult-responsive\"  data-ultimate-target='#interactive-banner-wrap-5094 .ult-new-ib-title'  data-responsive-json-new='{\"font-size\":\"desktop:16px;\",\"line-height\":\"\"}'  style=\"font-family:&#039;Raleway&#039;;font-weight:600;\">Epandeur de fumier s\u00e9rie SL<\/h2><div class=\"ult-new-ib-content ult-responsive\"  data-ultimate-target='#interactive-banner-wrap-5094 .ult-new-ib-content'  data-responsive-json-new='{\"font-size\":\"\",\"line-height\":\"\"}'  style=\"font-weight:normal;color:#ffffff;\"><p>Capacit\u00e9 de 20 et 30m\u00b3 h\u00e9rissons verticaux \u00d8 1050mm<\/p><\/div><\/div><a class=\"ult-new-ib-link\" href=\"http:\/\/www.perard.fr\/?page_id=10998\" title=\"Optium s\u00e9rie SL \u2013 H\u00e9rissons \u00d8 1050\"  ><\/a><\/div>[\/vc_column_inner][vc_column_inner width=\u00a0\u00bb1\/3&Prime;]<div class=\"ult-new-ib ult-ib-effect-style13  ult-ib-resp  \" data-min-width=\"768\" data-max-width=\"900\" style=\"background:#000000;\" data-opacity=\"0.5\" data-hover-opacity=\"0.8\" ><img decoding=\"async\" class=\"ult-new-ib-img\" style=\"opacity:0.5;\" alt=\"null\" src=\"https:\/\/www.perard.fr\/wp-content\/uploads\/2020\/05\/IMG_2334.jpg\"   \/><div id=\"interactive-banner-wrap-1211\" class=\"ult-new-ib-desc\" style=\"\"><h2 class=\"ult-new-ib-title ult-responsive\"  data-ultimate-target='#interactive-banner-wrap-1211 .ult-new-ib-title'  data-responsive-json-new='{\"font-size\":\"desktop:16px;\",\"line-height\":\"\"}'  style=\"font-family:&#039;Raleway&#039;;font-weight:600;\">Epandeur CVK<\/h2><div class=\"ult-new-ib-content ult-responsive\"  data-ultimate-target='#interactive-banner-wrap-1211 .ult-new-ib-content'  data-responsive-json-new='{\"font-size\":\"\",\"line-height\":\"\"}'  style=\"font-weight:normal;color:#ffffff;\"><p>\u00c9pandeur sur porteur<\/p><\/div><\/div><a class=\"ult-new-ib-link\" href=\"http:\/\/www.perard.fr\/?page_id=11020\" title=\"Optium s\u00e9rie CVK \u2013 H\u00e9rissons \u00d8 750\"  ><\/a><\/div>[\/vc_column_inner][\/vc_row_inner][vc_empty_space height=\u00a0\u00bb20px\u00a0\u00bb][vc_row_inner][vc_column_inner width=\u00a0\u00bb1\/3&Prime;]<div class=\"ult-new-ib ult-ib-effect-style13  ult-ib-resp  \" data-min-width=\"768\" data-max-width=\"900\" style=\"background:#000000;\" data-opacity=\"0.5\" data-hover-opacity=\"0.8\" ><img decoding=\"async\" class=\"ult-new-ib-img\" style=\"opacity:0.5;\" alt=\"null\" src=\"https:\/\/www.perard.fr\/wp-content\/uploads\/2020\/05\/IMG_2114.jpg\"   \/><div id=\"interactive-banner-wrap-8352\" class=\"ult-new-ib-desc\" style=\"\"><h2 class=\"ult-new-ib-title ult-responsive\"  data-ultimate-target='#interactive-banner-wrap-8352 .ult-new-ib-title'  data-responsive-json-new='{\"font-size\":\"desktop:16px;\",\"line-height\":\"\"}'  style=\"font-family:&#039;Raleway&#039;;font-weight:600;\">Caisse \u00e9troite<\/h2><div class=\"ult-new-ib-content ult-responsive\"  data-ultimate-target='#interactive-banner-wrap-8352 .ult-new-ib-content'  data-responsive-json-new='{\"font-size\":\"\",\"line-height\":\"\"}'  style=\"font-weight:normal;color:#ffffff;\"><p>Table d'\u00e9pandage<\/p><\/div><\/div><a class=\"ult-new-ib-link\" href=\"http:\/\/www.perard.fr\/?page_id=11027\" title=\"Optium s\u00e9rie T \u2013 Caisse \u00e9troite\"  ><\/a><\/div>[\/vc_column_inner][vc_column_inner width=\u00a0\u00bb1\/3&Prime;]<div class=\"ult-new-ib ult-ib-effect-style13  ult-ib-resp  \" data-min-width=\"768\" data-max-width=\"900\" style=\"background:#000000;\" data-opacity=\"0.5\" data-hover-opacity=\"0.8\" ><img decoding=\"async\" class=\"ult-new-ib-img\" style=\"opacity:0.5;\" alt=\"null\" src=\"https:\/\/www.perard.fr\/wp-content\/uploads\/2020\/05\/IMG_2709.jpg\"   \/><div id=\"interactive-banner-wrap-2162\" class=\"ult-new-ib-desc\" style=\"\"><h2 class=\"ult-new-ib-title ult-responsive\"  data-ultimate-target='#interactive-banner-wrap-2162 .ult-new-ib-title'  data-responsive-json-new='{\"font-size\":\"desktop:16px;\",\"line-height\":\"\"}'  style=\"font-family:&#039;Raleway&#039;;font-weight:600;\">Caisse large<\/h2><div class=\"ult-new-ib-content ult-responsive\"  data-ultimate-target='#interactive-banner-wrap-2162 .ult-new-ib-content'  data-responsive-json-new='{\"font-size\":\"\",\"line-height\":\"\"}'  style=\"font-weight:normal;color:#ffffff;\"><p>Table d'\u00e9pandage<\/p><\/div><\/div><a class=\"ult-new-ib-link\" href=\"http:\/\/www.perard.fr\/?page_id=11043\" title=\"Optium s\u00e9rie T \u2013 Caisse large\"  ><\/a><\/div>[\/vc_column_inner][\/vc_row_inner][\/vc_column][\/vc_row]<\/p>\n<\/div>","protected":false},"excerpt":{"rendered":"<p>[vc_row css=\u00a0\u00bb.vc_custom_1480791263873{margin-top: 120px !important;margin-bottom: 120px !important;}\u00a0\u00bb][vc_column width=\u00a0\u00bb1\/3&Prime;][vc_empty_space height=\u00a0\u00bb10px\u00a0\u00bb][vc_custom_heading text=\u00a0\u00bb\u00c9PANDEURS OPTIUM\u00a0\u00bb use_theme_fonts=\u00a0\u00bbyes\u00a0\u00bb][vc_empty_space height=\u00a0\u00bb20px\u00a0\u00bb][vc_column_text]Perard con\u00e7oit trois gammes d\u2019\u00e9pandeurs \u00e0 h\u00e9rissons verticaux en \u00d8 750 mm, 860 mm et 1 050 mm pour des capacit\u00e9s allant de 9 \u00e0 30 m\u00b3 et une gamme d\u2019\u00e9pandeur \u00e0 table pour des capacit\u00e9s allant de 17 \u00e0 21 m\u00b3. Les \u00e9pandeurs [&hellip;]<\/p>\n","protected":false},"author":1,"featured_media":0,"parent":0,"menu_order":0,"comment_status":"closed","ping_status":"closed","template":"page.php","meta":{"footnotes":""},"class_list":["post-10966","page","type-page","status-publish","hentry"],"_links":{"self":[{"href":"https:\/\/www.perard.fr\/index.php?rest_route=\/wp\/v2\/pages\/10966","targetHints":{"allow":["GET"]}}],"collection":[{"href":"https:\/\/www.perard.fr\/index.php?rest_route=\/wp\/v2\/pages"}],"about":[{"href":"https:\/\/www.perard.fr\/index.php?rest_route=\/wp\/v2\/types\/page"}],"author":[{"embeddable":true,"href":"https:\/\/www.perard.fr\/index.php?rest_route=\/wp\/v2\/users\/1"}],"replies":[{"embeddable":true,"href":"https:\/\/www.perard.fr\/index.php?rest_route=%2Fwp%2Fv2%2Fcomments&post=10966"}],"version-history":[{"count":3,"href":"https:\/\/www.perard.fr\/index.php?rest_route=\/wp\/v2\/pages\/10966\/revisions"}],"predecessor-version":[{"id":11848,"href":"https:\/\/www.perard.fr\/index.php?rest_route=\/wp\/v2\/pages\/10966\/revisions\/11848"}],"wp:attachment":[{"href":"https:\/\/www.perard.fr\/index.php?rest_route=%2Fwp%2Fv2%2Fmedia&parent=10966"}],"curies":[{"name":"wp","href":"https:\/\/api.w.org\/{rel}","templated":true}]}}